k) is divided by 10.
9
Calculate the remainder when (-7 - -4)*30/(-2) is divided by 23.
22
Suppose 3 = -6*a + 309. What is the remainder when a is divided by 18?
15
Let q(l) = -l + 10. Calculate the remainder when 25 is divided by q(3).
4
Suppose 3*v - 15 = -2*v. Suppose v*r = -3*t + 3, 2*r - t - 24 = -10. Suppose r*g = g + 20. Calculate the remainder when g is divided by 2.
1
Let f = -22 - -85. Suppose 15 = 6*y - y. Calculate the remainder when f is divided by (-76)/(-4) - (0 + y).
15
What is the remainder when 9 is divided by (-16)/(-5) + -3 - 19/(-5)?
1
Let n(j) = 33*j + 1. What is the remainder when n(2) is divided by 34?
33
Let l(w) = w**2 + w - 4. Let y be l(0). Let x be (y/12)/(1/(-15)). Let b = 9 - x. Calculate the remainder when 11 is divided by b.
3
Calculate the remainder when 21/14*(0 + (-708)/(-9)) is divided by 40.
38
Let u be -1 + (-1 - -2 - -3). Let p be 88 - (u - (-2 + 3)). Suppose 5*r - 281 + p = 0. Calculate the remainder when r is divided by 20.
19
Suppose u = -2*u. Suppose l - 1 = -u*l. Let c(k) = 5*k**3 + 2*k**2 - 1. Calculate the remainder when 22 is divided by c(l).
4
Calculate the remainder when 23 is divided by (-4)/32 + 98/16.
5
Let h(p) = 58*p + 2. Calculate the remainder when h(1) is divided by 16.
12
Let r be ((-4)/(-2))/(2/4). Suppose 120 = 5*s + 5*h, -r*h + 2*h = 5*s - 108. What is the remainder when 39 is divided by s?
19
Let o(a) = -2*a - 11. What is the remainder when 48 is divided by o(-14)?
14
Calculate the remainder when 1/((531/267 - 2)*-1) is divided by 30.
29
Let z(u) = -2*u**2 - 3*u + 2. Let d be z(1). Calculate the remainder when 29 is divided by 33/9*(0 - d).
7
Let t = 8 + -4. Suppose 2*n = -n, -4*b + t*n = -24. Calculate the remainder when 15 is divided by b.
3
Let l(u) = 11*u + 4. Let i be l(5). Suppose -4*r = -i + 7. Calculate the remainder when 25 is divided by r.
12
Let z = -7 - -6. What is the remainder when 1 is divided by (z/3)/((-2)/6)?
0
Let b(g) = -g**3 + 15*g**2 + g - 11. What is the remainder when 6 is divided by b(15)?
2
Let w = 25 + -12. Let a = w + -9. Calculate the remainder when 4 is divided by (-7 + 5)/(a/(-6)).
1
Let m = 7 + -2. Let w = 2 + 7. Calculate the remainder when w is divided by m.
4
Let g be 4/3 - (-4)/6. Suppose 4*m = y + 113, 0 = -4*m + g*y + 2*y + 104. Let o = 43 - m. Calculate the remainder when 40 is divided by o.
12
Suppose -n + 5*n = -4. Let z = n - -3. Suppose -2*i + z*k + 27 = 7*k, 4*i - 39 = -5*k. What is the remainder when 10 is divided by i?
4
Let s(p) = -p**2 + 5*p + 6. Calculate the remainder when s(4) is divided by 6.
4
Let n(t) = t**2 + 2*t - 3. Let m be (92/(-6))/((-4)/42). Suppose -2*h - 31 = -4*j - m, j = -h + 59. Calculate the remainder when h is divided by n(-6).
19
Suppose -3*l - 9 = 0, 5 = n - l + 3*l. Let b = 15 - n. What is the remainder when 82/6 - (-2)/6 is divided by b?
2
Let p = -28 - 12. Let f = p - -62. Suppose -2*b + 17 + 7 = 0. What is the remainder when f is divided by b?
10
Let a(i) = i**3 - 7*i**2 + 7*i - 4. Let v be a(6). Let q be (-2301)/(-65) - 6/(-10). Suppose q = o + v*o. What is the remainder when 35 is divided by o?
11
Let v(c) = 4*c**3 + 2*c**2 - 1. Let q be v(1). Suppose 0 = 5*d + 2*y - 12, 3*y = -q*d + 4*d + 5. What is the remainder when 2 is divided by d?
0
Suppose 3*j = 8*j + s - 183, -195 = -5*j + 5*s. Suppose -28*o - 65 = -33*o. Calculate the remainder when j is divided by o.
11
Let h(i) = 8*i - 3. Suppose 2*g + 30 = 8*g. Calculate the remainder when h(2) is divided by g.
3
Let o be ((-24)/(-14))/((-5)/(-35)). Let v be 171/o + (-1)/4. Suppose 4*x - 30 = v. Calculate the remainder when 32 is divided by x.
10
Suppose -k - u = -2*k + 7, -3*u - 14 = -2*k. What is the remainder when 32 is divided by k?
4
Let g(j) = 2*j + 9. What is the remainder when 27 is divided by g(-3)?
0
Let g(z) be the second derivative of -z**3/3 + z**2/2 + z. Let y be g(-4). Suppose y = 4*l - 15. Calculate the remainder when 11 is divided by l.
5
Suppose -23 = 2*f - 3*v - 80, 2*v - 2 = 0. Suppose -4*h = u + f, -h + 2*u - 11 = 4*u. Calculate the remainder when 31 is divided by 77/h*-1*1.
9
Let j(c) = c + 12. Calculate the remainder when (47/2)/(23/46) is divided by j(0).
11
Suppose -5*o = 2*i - 36, 3*o = -2*i + 7*i + 34. Calculate the remainder when 61 is divided by o.
5
Suppose 7*b - 4*b - 2*o = 15, 21 = 2*b - 5*o. Suppose -n + 8 = n. Suppose -5*u = -i - 30, 16 = 5*u + i - n. What is the remainder when u is divided by b?
2
Suppose 0 = -5*v - 2*d + 63, 2*d + 54 = -3*v + 7*v. What is the remainder when 101 is divided by v?
10
Let c be 1*-3*(-8)/6. Suppose -5*q - 4*i = -65, 0*q - c*q - 3*i = -52. What is the remainder when q is divided by 3?
1
Calculate the remainder when ((-48)/18)/(4/(-18)) is divided by 7.
5
Suppose -4*l = -a - 15, -l + 23 = 3*a + 16. What is the remainder when 11 is divided by l?
3
Suppose -3*b + 16 = -11. Calculate the remainder when 34 is divided by b.
7
Suppose -3*r = 2*r, 5*y - 5*r - 65 = 0. What is the remainder when 38 is divided by y?
12
Suppose 4*z = -z - 60. Suppose 42 = 5*s + 2*r, 0 = -5*s + 4*r - 4 + 70. What is the remainder when z/(-78) - (-375)/13 is divided by s?
9
Suppose 2*t + 1 = -3, 4*t = -5*b + 37. Calculate the remainder when 25 is divided by b.
7
Suppose 4*y - 4*r = -4, -r + 2*r - 17 = -3*y. Suppose 3*f - 5*x - y = -13, 11 = -2*f + 5*x. What is the remainder when 4 is divided by f?
0
Suppose 4*t = -0*t + 24. What is the remainder when 21 is divided by t?
3
Suppose 411 = 5*h - u, 65 = 2*h - 5*u - 81. Calculate the remainder when h is divided by 22.
17
Let k = 153 - 75. Suppose -2*x = -0*x - k. Suppose 7*a = 3*a + 3*h + x, 4*a + 3*h - 33 = 0. What is the remainder when a is divided by 5?
4
Let a = -78 - -148. Let n = -32 + a. Suppose 0 = p - k - 15, -3*k + 33 = -4*p + 98. What is the remainder when n is divided by p?
18
Let p(c) = -2 - 10*c + 0 + 9*c. Let u be p(6). What is the remainder when 114/10 + u/20 is divided by 4?
3
Let q(z) = -7*z**2 + 3*z + 6. Let i be q(5). Calculate the remainder when (i/(-21))/(2/3) is divided by 6.
5
Let o(p) = -p**3 + 3*p**2 - 2*p - 2. Let g be o(2). Let n(k) = 3*k**2 - 1. What is the remainder when 20 is divided by n(g)?
9
Calculate the remainder when 22 is divided by (((-5)/(-3) + -1)*9)/2.
1
Let v = 35 + -22. Let r = 18 - v. Let h = -20 - -34. Calculate the remainder when h is divided by r.
4
Let h(m) = 4*m**2 - m - 4. What is the remainder when h(-2) is divided by 9?
5
Let j be (-4)/(16/(-15))*4. Suppose 0*m - j = -m. Let u(z) = 7*z**2 - 5*z + 11. What is the remainder when u(2) is divided by m?
14
Let f be 6/(-9)*(-3)/1. Suppose -2*h - f*g + 14 = -0*h, 5*h - 5*g = -5. What is the remainder when 9 is divided by h?
0
Let b(a) = -a**3 - 4*a**2 + 3*a + 5. What is the remainder when 29 is divided by b(-5)?
14
Suppose -56 - 67 = -3*t. Calculate the remainder when t is divided by 11.
8
Let p = 24 - -9. Let l = p + -18. Calculate the remainder when l is divided by 8.
7
Suppose 3*w + 20 = 2*w + 5*y, 2*y + 10 = 4*w. Calculate the remainder when 12 is divided by w.
2
Calculate the remainder when (21/28)/(2/24) is divided by 6.
3
Suppose 2*b = -2*b. Suppose -5*q - 2*l + 187 = 0, -7*l + 2*l = 2*q - 79. Calculate the remainder when q is divided by b - (-2 - 12) - 1.
11
Let f(o) = 8*o**3 + o**2 - 3*o + 2. Calculate the remainder when 14 is divided by f(1).
6
Suppose -15*o + 20*o = 160. Calculate the remainder when o is divided by 10.
2
Let p = 11 + -7. Suppose -5*a = 3*s - 13, 2*a + p = 4*s + 6*a. What is the remainder when s/12 + 86/6 is divided by 8?
6
Suppose -y = -13 - 3. Let u(t) = 9*t - 4. Let z(d) = -2*d + 1. Let h(j) = -2*u(j) - 11*z(j). Calculate the remainder when y is divided by h(3).
7
Suppose -m + 382 = 5*r, 102 = 2*r - 4*m - 64. What is the remainder when r is divided by 20?
17
Let h(l) = -l**3 + 8*l**2 - 6*l + 4. Let i be h(7). Suppose -i = -3*j + 28. Let t(a) = 8*a**2 + 2*a + 1. What is the remainder when j is divided by t(-1)?
6
Let z = 36 + -16. What is the remainder when 58 is divided by z?
18
Let h = -50 - -162. What is the remainder when h is divided by 19?
17
Suppose 0 = -0*u - u - 4*s + 8, -3*s + 8 = u. Calculate the remainder when 28 is divided by u.
4
Calculate the remainder when 22 is divided by 2/(16/(-6))*-16 + 1.
9
Suppose -5*l - 3*a + 122 = 0, l - 4*l + a + 